
Is 6094577117 a composite number?
True
Is 524670889 a composite number?
False
Is 711401147 a prime number?
False
Is 1490241527 a composite number?
True
Is 82201964147 composite?
True
Is 7753976069 a prime number?
False
Is 864807661 a prime number?
False
Is 3683080861 a prime number?
True
Is 138359753509 a composite number?
True
Is 2588184127 composite?
True
Is 252629297 prime?
False
Is 1181493223 a prime number?
True
Is 10679598893 a composite number?
False
Is 16889062711 a composite number?
True
Is 59417739809 a prime number?
False
Is 10606063487 prime?
False
Is 17439121199 a composite number?
False
Is 6479809957 a composite number?
False
Is 95937693743 composite?
True
Is 2237261777 a composite number?
True
Is 1247091269 a prime number?
True
Is 29261929729 a composite number?
True
Is 627696631 a composite number?
False
Is 42556373557 a composite number?
True
Is 162016051 prime?
False
Is 25911637 a prime number?
True
Is 1795552469 prime?
True
Is 1182339331 a composite number?
False
Is 21422716247 prime?
False
Is 1586929601 a prime number?
False
Is 1469640961 a prime number?
False
Is 379956221 composite?
True
Is 105287354 prime?
False
Is 14605052901 a composite number?
True
Is 11254992553 a composite number?
True
Is 393021413 a composite number?
True
Is 9981494591 a prime number?
True
Is 38300428181 composite?
True
Is 1347403891 prime?
True
Is 276587595901 a prime number?
True
Is 4224812183 composite?
False
Is 1628780347 a prime number?
False
Is 5213617561 a composite number?
True
Is 1746291089 prime?
True
Is 9538578353 a prime number?
True
Is 3101787763 a composite number?
False
Is 484425811 a composite number?
True
Is 1740632581 a prime number?
False
Is 26526750193 composite?
True
Is 7579009001 prime?
True
Is 36364351391 a composite number?
False
Is 850445833 prime?
False
Is 1646653529 a prime number?
True
Is 14894626763 a composite number?
False
Is 90545201 a composite number?
True
Is 38887093397 a composite number?
False
Is 11530667243 a composite number?
True
Is 20573061329 a composite number?
False
Is 1256104693 prime?
True
Is 82196134639 a prime number?
False
Is 2165047387 prime?
True
Is 11224418509 a composite number?
True
Is 1663239247 a prime number?
True
Is 9927053777 a prime number?
True
Is 505194101 a composite number?
False
Is 1498353999 composite?
True
Is 1799110361 a prime number?
False
Is 521990141 a prime number?
True
Is 733334519 prime?
False
Is 1355425241 prime?
True
Is 1018974839 prime?
True
Is 199777021 a prime number?
False
Is 307824859097 a prime number?
False
Is 10750938571 a prime number?
True
Is 361718939 composite?
False
Is 7188316901 a prime number?
True
Is 618288607 composite?
True
Is 2776444079 composite?
True
Is 30195123643 composite?
False
Is 12986793869 composite?
True
Is 234504451 a composite number?
False
Is 32850736873 prime?
True
Is 22567913629 a prime number?
False
Is 35516597 a composite number?
False
Is 158015677 composite?
False
Is 15392116949 composite?
True
Is 8976375379 a composite number?
True
Is 24943067959 a composite number?
False
Is 403341805255 a composite number?
True
Is 1034004241 a composite number?
False
Is 151574863159 composite?
False
Is 8348195107 a prime number?
False
Is 1126450343 prime?
True
Is 9540842449 composite?
False
Is 1920794741 prime?
True
Is 631108631 a composite number?
False
Is 43942055317 composite?
True
Is 2077004641 a composite number?
True
Is 6663935821 a prime number?
False
Is 32927442263 prime?
False
Is 75809796121 composite?
False
Is 4699171427 a prime number?
True
Is 5261499431 a prime number?
True
Is 550583611 a composite number?
True
Is 3998597507 composite?
False
Is 11525089801 prime?
True
Is 146539177 a composite number?
False
Is 2367186469 composite?
False
Is 163103767169 prime?
False
Is 26400150857 composite?
False
Is 1273645138 prime?
False
Is 9892013221 prime?
False
Is 56528938667 prime?
True
Is 19448186809 a prime number?
True
Is 11163269041 prime?
True
Is 836611887 composite?
True
Is 2505168223 prime?
True
Is 33910491511 prime?
False
Is 1423999333 a composite number?
True
Is 3256048039 composite?
False
Is 857016011 prime?
False
Is 721490687 prime?
False
Is 417961633 composite?
True
Is 1342650577 a prime number?
True
Is 996118577 a composite number?
False
Is 245988842195 composite?
True
Is 2880681439 a prime number?
True
Is 36923289719 composite?
True
Is 9093441613 a prime number?
False
Is 2061642877 prime?
False
Is 213643489 prime?
False
Is 4335291991 a composite number?
False
Is 10593167197 a prime number?
True
Is 430999927 prime?
True
Is 20264473981 composite?
False
Is 11326813793 a composite number?
False
Is 1242081389 composite?
False
Is 178582635977 a composite number?
True
Is 5142407615 composite?
True
Is 17612586077 a composite number?
False
Is 1671809093 prime?
True
Is 1332705833 a prime number?
False
Is 70600003 a prime number?
True
Is 32319612863 composite?
False
Is 746134087 composite?
True
Is 8975801971 a composite number?
False
Is 31292990351 a composite number?
True
Is 103653640703 a prime number?
False
Is 7990588327 a composite number?
False
Is 5802932455 prime?
False
Is 6827307913 a prime number?
True
Is 5254985773 prime?
False
Is 195268368049 a composite number?
True
Is 3941820203 a prime number?
True
Is 699585797 a composite number?
False
Is 10243324651 prime?
False
Is 306348061 composite?
False
Is 1988118607 a prime number?
True
Is 1031275921 a composite number?
True
Is 15710400311 composite?
True
Is 8562252311 a composite number?
True
Is 36624131554 a prime number?
False
Is 3297565981 prime?
False
Is 32071436629 a prime number?
True
Is 19940060001 a prime number?
False
Is 1719587843 prime?
True
Is 69159789519 prime?
False
Is 2085104881 composite?
False
Is 4137331789 a composite number?
False
Is 9575877721 a prime number?
True
Is 137675041 a composite number?
True
Is 24872113883 composite?
False
Is 9832188917 prime?
False
Is 961635173 composite?
True
Is 461729243 a prime number?
False
Is 255091961 a composite number?
True
Is 280684993 a prime number?
True
Is 1190281907 composite?
False
Is 39166879 prime?
True
Is 3709646858 a prime number?
False
Is 3229524083 a prime number?
True
Is 505877011 a composite number?
True
Is 1050726041 prime?
True
Is 704379943 a composite number?
False
Is 2453737999 composite?
False
Is 226147609 composite?
False
Is 242120063 a prime number?
True
Is 71799371801 a prime number?
True
Is 197809609 prime?
False
Is 3930471851 a prime number?
True
Is 358316051 composite?
False
Is 3168462569 prime?
True
Is 9500465729 composite?
False
Is 12664370783 a composite number?
True
Is 29539815979 composite?
True
Is 22363885 prime?
False
Is 6981096097 a composite number?
False
Is 2962063067 a prime number?
True
Is 23743721549 prime?
True
Is 22443574903 a prime number?
False
Is 6799343926 a prime number?
False
Is 1452897223 a prime number?
True
Is 76634034887 composite?
False
Is 10043610259 a prime number?
True
Is 200286679 composite?
True
Is 2275368691 a prime number?
False
Is 893417593 composite?
True
Is 76750673 prime?
False
Is 336197033 prime?
False
Is 6424622587 a prime number?
False
Is 106206517283 composite?
False
Is 2112701623 a prime number?
True
Is 6780951889 composite?
True
Is 633221971 prime?
True
Is 633788737 composite?
False
Is 11794826009 composite?
False
Is 4493189809 a prime number?
False
Is 1995274159 composite?
False
Is 2403345059 composite?
False
Is 14549292922 a prime number?
False
Is 16451020633 a composite number?
False
Is 35066911 a composite number?
True
Is 3612711329 composite?
True
Is 2110304929 a prime number?
False
Is 3455023123 prime?
False
Is 37098212831 a prime number?
True
Is 987951527 a composite number?
True
Is 1134462859 composite?
True
Is 1057663567 prime?
False
Is 3069543007 prime?
True
Is 310856287 prime?
False
Is 52473231097 prime?
False
Is 19657213889 a composite number?
False
Is 3961169593 a prime number?
True
Is 5208106711 a composite number?
True
Is 59880816263 prime?
True
Is 19166904697 prime?
True
Is 644091571 prime?
True
Is 3615081583 a prime number?
False
Is 22761472661 composite?
False
Is 64085331419 composite?
False
Is 62404289 a prime number?
False
Is 2471151217 a prime number?
True
Is 1808059579 prime?
False
Is 34354727387 a prime number?
True
Is 31566093257 composite?
Tr